 99.
9
Let i(g) = g**3 - g**2 - 7*g - 11. Suppose 2*y - 5*y - a = -9, 5*y + 4*a = 8. Let s be i(y). Calculate the highest common factor of s and 1.
1
Let i(n) = -n**3 + n**2 + 13*n + 18. Let b be i(-3). What is the greatest common divisor of b and 78?
3
Suppose 0 = -134*k + 139*k - 2*z - 104, -2*z - 14 = 0. Let p be (-3)/12 - 937/(-4). What is the highest common divisor of k and p?
18
Suppose 5*h + 595 = 5*l, l - 3*h = -44 + 155. Suppose -13*r = l - 526. Calculate the greatest common factor of r and 248.
31
Let q be ((-14181)/2)/((-285)/380). Calculate the greatest common divisor of q and 116.
58
Let g be (-1 - (-47778)/54) + (-6)/(-27). Let l be 1/(-2) - (-81)/6. Calculate the highest common divisor of g and l.
13
Let o be (0 - (-1 - 5)) + -6. Suppose 9*l - 2*l - 1617 = o. Calculate the highest common divisor of 99 and l.
33
Let n(x) = 472*x - 1284. Let a be n(3). Suppose 8 = 5*o - 7. Suppose 0 = o*j - a - 141. What is the greatest common factor of j and 13?
13
Let u(f) = 6*f**2 + f + 14. Suppose -2*x - x = -5*n + 354, 70 = n - x. Let l = 66 - n. Let s be u(l). What is the greatest common factor of 14 and s?
14
Suppose -5*w + 10*r = 7*r - 25, 4*r = 0. Suppose 51 = 2*j + 6*x - w*x, 2*j - 4*x - 56 = 0. What is the greatest common factor of j and 26?
26
Let g be ((-1)/(-3))/(-2 + (-5576)/(-2784)). Let k = 237 - g. Calculate the highest common factor of k and 44.
11
Suppose -432 = -40*g + 34*g. Suppose 4*d + g = 5*d. What is the highest common factor of d and 63?
9
Suppose 111*l - 181632 = 79*l. What is the greatest common factor of l and 396?
132
Let k be (72/15 - 4)*20. Suppose 2*q + 120 = m - 107, 3*m - 5*q - 680 = 0. Let x = -81 + m. Calculate the greatest common factor of x and k.
16
Let t(h) = 2*h**3 - 23*h**2 - 9*h + 9. Let a be t(12). Let w be (-6)/(-4) + (-42)/(-4). Let g be (-3)/3 + w/2. Calculate the greatest common divisor of g and a.
5
Suppose 150 = -2986*t + 3061*t. What is the greatest common divisor of 425 and t?
1
Let w = 48 - 51. Let g be 291/9 + 1/w. Suppose l - 2*h - 3*h = 34, l = -h + 22. Calculate the greatest common divisor of g and l.
8
Let a = 32 - 18. Suppose 0 = -o + 3*n - 150 - 420, 0 = -o + 5*n - 574. Let h be 2/(-7) - o/a. What is the highest common divisor of 8 and h?
8
Suppose -n - 19 = -75. Suppose -59*z + 109*z - 25*z = 26600. What is the greatest common divisor of n and z?
56
Suppose 154*k - 13575 - 2574 = 20811. Calculate the highest common divisor of 25680 and k.
240
Let s be 43/(172/84) + 2410. Calculate the highest common divisor of s and 44.
11
Let z = -12 - -24. Suppose 2*i - 5*c + 19 = 0, 69*i - 19 = 66*i - 2*c. What is the highest common factor of i and z?
3
Suppose -3*r - 1 = 2, -4*r = 2*y - 38. Let v(n) = 3*n + 27. Let w be v(y). Let x be 36*(4 + 28/(-8)). What is the greatest common factor of x and w?
18
Let c(w) = -w**3 - w. Let y be c(-2). Suppose 7*z + 1 = 71. Suppose -z*a = -14*a + 400. What is the greatest common divisor of a and y?
10
Let s be 10*(-5)/20*-8. Suppose s*t - 2308 = 3572. Let c be ((-28)/12)/((-1)/18). Calculate the highest common factor of t and c.
42
Let k(p) = -5*p**2 + 11*p + 26. Let q be k(-5). Let x = q + 155. What is the highest common divisor of x and 23?
1
Let f be 2*970/(-4)*-2*(-72)/(-120). What is the highest common divisor of 6 and f?
6
Suppose -153 = -3*z + 693. Suppose 0 = -14*x + 432 + z. What is the greatest common divisor of x and 17?
17
Let b(f) = -108*f + 493. Let u be b(-4). What is the greatest common factor of u and 259?
37
Let d = 3904 + -2167. Calculate the highest common divisor of d and 18.
9
Suppose 3*r = 5*m - 27375, 90*m = 87*m - r + 16425. What is the highest common divisor of 10 and m?
5
Let z(t) = -32*t - 7. Let r be z(3). Let i = r - -108. Suppose 2*p - 3*p = i*g - 1098, 4*p = -g + 212. What is the greatest common factor of g and 20?
20
Suppose 12*b + 69 = 405. Let q = -7 + -4. Let a be 10/55 + (-2770)/q. Calculate the greatest common factor of a and b.
28
Suppose 0 = 3*x - l - 77 - 105, -5 = -5*l. Suppose 5*q - x = 4. Suppose 3*n + q = 5*k + 81, 16 = 2*n + 4*k. What is the greatest common divisor of 16 and n?
16
Let j be 7*3*(29 - 28). Suppose -3*c = 2*c. Let d be 86 + (c + 0 - 2). What is the greatest common divisor of j and d?
21
Let t(f) = 3*f**3 - 87*f**2 - 89*f + 14. Let k be t(30). What is the greatest common factor of 1364 and k?
44
Suppose -88*b + 10248 = -22*b + 102*b. What is the highest common divisor of 8 and b?
1
Let p = 4578 - 4407. What is the highest common factor of p and 2337?
57
Suppose -15*f - 7*f = -330. Suppose 0 = -5*c - f, 4*c = -0*u + 3*u - 444. What is the greatest common factor of 18 and u?
18
Let l = 2833 - 2721. Suppose -2*p - 4 = -a, -2*p + 43 = 4*a - p. Let j = 6 + a. Calculate the highest common divisor of l and j.
16
Suppose 0 = -6*n - 364 + 1684. Suppose g + 6*y - 44 = 4*y, 3*y - n = -5*g. Let l = -4 + 8. Calculate the highest common factor of g and l.
4
Let t = -115 + 119. Let i be ((-38)/(-4))/(t/56). Calculate the highest common divisor of 7 and i.
7
Let d be 43/(43/30)*(-22)/(-6). Calculate the greatest common divisor of d and 418.
22
Let c be (-18)/(-99) + (-7884)/44. Let i = -162 - c. Calculate the highest common divisor of 119 and i.
17
Let j be 1 + 3/(15/3565). Suppose 5*s - 2*u - j - 186 = 0, 540 = 3*s + 4*u. Let q be (s/(-25))/((-6)/20). Calculate the highest common divisor of q and 8.
8
Let h be (3 + (-3 - 71))*5/((-20)/24). What is the greatest common divisor of h and 15549?
213
Let m(h) = 111*h - 1. Let a be m(2). Suppose -108*k + 104*k + 2*r + 58 = 0, 0 = -12*k + 3*r + 189. What is the highest common factor of k and a?
17
Let n = -58 - -60. Suppose -n*p + 138 = 34. What is the highest common divisor of p and 130?
26
Let b be (-49 + 117)/((-28)/(-133)). What is the greatest common divisor of 475 and b?
19
Suppose -m = 3243 - 3249. What is the greatest common divisor of 68 and m?
2
Let a(d) = -2*d**3 - 25*d**2 - 13*d + 10. Let n(t) = -19*t**2 + 9*t - 2. Let c be n(1). Let s be a(c). Calculate the greatest common divisor of s and 275.
11
Let j = 31037 - 21972. Calculate the highest common factor of j and 370.
185
Suppose -3*a = -4*k + 1319, 1147 + 164 = 4*k + 5*a. Let v be (2 + -1 + 46)/1. What is the highest common divisor of v and k?
47
Suppose 99*d = 2*j + 103*d - 2116, 5270 = 5*j + 5*d. Calculate the greatest common factor of 150 and j.
150
Let r(f) = -f**2 - 3*f - 15. Let b be r(0). Let y be (b/(-4))/((-18)/(-192)). Calculate the highest common factor of y and 5.
5
Let w be 2/(-43) - (-238596)/2537. What is the highest common factor of w and 1457?
47
Let s(g) = -g**3 - 9*g**2 - 10*g + 18. Let t be s(-10). Let p = t - 88. Let v be 2/(-11) - (-224)/22. What is the greatest common divisor of v and p?
10
Let y be (-2)/(-46) + (-207807)/(-2599). What is the greatest common factor of 112 and y?
16
Let x = 15858 - 975. Calculate the greatest common divisor of x and 121.
121
Let h = -585 - -685. Suppose i = 20 + h. Let w(q) = q**2 + 7*q + 7. Let n be w(-8). Calculate the highest common divisor of i and n.
15
Let a(f) = 15*f**2. Let z be a(-1). Suppose n + 2*w = 108 + 278, -n + 2*w + 382 = 0. Let d = n + -324. What is the greatest common divisor of d and z?
15
Let d = -7523 - -9198. What is the highest common factor of d and 75?
25
Let m be (0 - 1)/((-4)/264). Let u(q) = 37*q + 506. Let r be u(-11). What is the highest common factor of r and m?
33
Let y be (-2 - (-3 - -2))/((650/3848)/(-25)). What is the greatest common factor of 2294 and y?
74
Suppose -44 = -4*f - 8. Let m be -5*f/(-30) + 1/2. Suppose 0 = 4*o + q - 195, -m*q + 4*q = -2. Calculate the greatest common divisor of 7 and o.
7
Suppose 3*q - 4*l + 823 - 4872 = 0, -2*q - 2*l = -2676. Calculate the greatest common divisor of 17 and q.
17
Let v(o) = -o**2 + 6*o + 358. Let i be v(0). Let s = -357 + i. Calculate the greatest common divisor of s and 43.
1
Let c = 2331 - 2149. Calculate the greatest common factor of c and 26.
26
Suppose -4*s + 5*p + 2745 = 0, 5*s - 4*p + 878 - 4298 = 0. Calculate the greatest common divisor of s and 102.
34
Let q = -33 + 14. Let x = q + 38. Let v = 64 - -12. What is the greatest common divisor of x and v?
19
Let a = -86 - -150. What is the greatest common divisor of 688 and a?
16
Let u be (-1)/(-4)*-10*(-32)/4. Let 